{"id":34,"date":"2016-03-07T14:51:04","date_gmt":"2016-03-07T13:51:04","guid":{"rendered":"http:\/\/wordpress.selbstmotivation.de\/?page_id=34"},"modified":"2016-05-11T13:01:45","modified_gmt":"2016-05-11T11:01:45","slug":"wie-arbeite-ich","status":"publish","type":"page","link":"https:\/\/wordpress.selbstmotivation.de\/index.php\/dauerhafte-selbstmotivation\/wie-arbeite-ich\/","title":{"rendered":"WIE laufen diese Trainingsma\u00dfnahmen ab?"},"content":{"rendered":"<h2>Prinzipien | Ablauf | Zusammenarbeit<\/h2>\n<p><img decoding=\"async\" loading=\"lazy\" class=\"aligncenter size-full wp-image-225\" src=\"http:\/\/wordpress.selbstmotivation.de\/wp-content\/uploads\/2016\/03\/Fotolia_41812222-1500px.jpg\" alt=\"Impulse geben und Aktionen initiieren mit Reinhold Stritzelberger und RS-Training\" width=\"1500\" height=\"502\" srcset=\"https:\/\/wordpress.selbstmotivation.de\/wp-content\/uploads\/2016\/03\/Fotolia_41812222-1500px.jpg 1500w, https:\/\/wordpress.selbstmotivation.de\/wp-content\/uploads\/2016\/03\/Fotolia_41812222-1500px-300x100.jpg 300w, https:\/\/wordpress.selbstmotivation.de\/wp-content\/uploads\/2016\/03\/Fotolia_41812222-1500px-768x257.jpg 768w, https:\/\/wordpress.selbstmotivation.de\/wp-content\/uploads\/2016\/03\/Fotolia_41812222-1500px-1024x343.jpg 1024w\" sizes=\"(max-width: 1500px) 100vw, 1500px\" \/><\/p>\n<p>Nach den vielen Jahre, in denen ich F\u00fchrungskr\u00e4ften und Mitarbeitern geholfen habe, auch in schwierigen Zeiten einen hohen Grad an Selbstmotivation zu haben, k\u00f6nnte ich mit breiter Brust hinstehen und verk\u00fcnden: \u201eDas ist ganz einfach.\u201c<\/p>\n<p>Aber: Das w\u00e4re gelogen.<\/p>\n<p>Es ist nicht einfach. Um beispielsweise eine Mannschaft mit mieser Stimmung und Dienst-nach-Vorschrift-Haltung umzukrempeln, bedarf es guter Vorbereitung und stets wachsamer Umsetzungskompetenz bei allen Ma\u00dfnahmen. Nat\u00fcrlich kann man manches verordnen. Nat\u00fcrlich kann man anweisen und kontrollieren oder Druck aus\u00fcben. Aber das wollen Sie doch gar nicht. Sie wollen, dass die Einzelnen eigeninitiativ, eigenverantwortlich und mit einem hohen Grad an Selbstmotivation ihre Aufgaben angehen und zum Wohle des Unternehmens agieren. Sie sollen zuverl\u00e4ssig sein, sich nicht so rasch entmutigen lassen und das auch, wenn kein Chef in der N\u00e4he ist.<\/p>\n<p>All das l\u00e4sst sich erreichen. Definitiv nicht durch irgendwelche Hauruck-Ma\u00dfnahmen oder einer Belegschaftsversammlung, in der die wichtigsten Ziele verk\u00fcndet werden. Es braucht sauber aufgelegte Ma\u00dfnahmen.<\/p>\n<p>Dabei ist es mir extrem wichtig, in (unverbindlichen) Vorgespr\u00e4chen die Sachlage haarscharf erfassen zu k\u00f6nnen. Das ben\u00f6tigt das ein oder andere Mal recht unangenehmes Nachfragen meinerseits. Doch ich muss die Unternehmensbelange und die emotionale Gef\u00fchlslage der Besch\u00e4ftigten \u201egreifen\u201c k\u00f6nnen. Daraus entwickeln sich die Ma\u00dfnahmen und Ziele fast von selbst. Jedes Unternehmen ist anders. Jede Situation ist anders. Gemeinsam finden wir die optimale Vorgehensweise. Meist werden alle Entscheider informiert, eingebunden und als Unterst\u00fctzer der Ma\u00dfnahmen etabliert. Gemeinsam werden Einzelna\u00dfnahmen oder ein mehrmoduliges Vorgehen konzeptioniert. Die Vorgehensweise wird organisatorisch festgezurrt und unternehmensintern \u00f6ffentlich gemacht.<\/p>\n<p><strong>Bei den Ma\u00dfnahmen selbst kann man auch noch mehr falsch als richtig machen. Hier einige meiner Wertma\u00dfst\u00e4be und bew\u00e4hrten Vorgehensweisen w\u00e4hrend der Ma\u00dfnahmen:<\/strong><\/p>\n<ul>\n<ul>\n<li>Keine verdeckten Auftr\u00e4ge wie \u201eAlle sollen den neuen Abteilungsleiter unterst\u00fctzen\u201c oder \u00e4hnliches.<\/li>\n<li>Respektvoller Umgang auf Augenh\u00f6he mit jedem Mitarbeiter, mit jeder F\u00fchrungskraft \u2013 unabh\u00e4ngig davon, wie die Verhaltensweisen oder Ergebnisse in der Vergangenheit waren. Jeder bekommt eine Chance.<\/li>\n<li>Jede Meinung hat ihre Berechtigung.<\/li>\n<li>Jeder ist unterschiedlich leistungsf\u00e4hig. Jeder kann nach seiner Listungsf\u00e4higkeit etwas zum (Unternehmens-) Erfolg beitragen.<\/li>\n<li>Wer pers\u00f6nlichen Nutzen erkennt, ist engagierter \u2013 sowohl bei der Ma\u00dfnahme als auch im Unternehmen.<\/li>\n<\/ul>\n<\/ul>\n<p>Sie m\u00f6chten mehr dar\u00fcber erfahren? Kontaktieren Sie mich unter: <a href=\"mailto:rs@rstraining.de\">rs@rstraining.de<\/a><\/p>\n<p><a href=\"http:\/\/wordpress.selbstmotivation.de\/index.php\/dauerhafte-selbstmotivation\/warum-ich-nur-ein-thema-anbiete\/\">WARUM gibt es diese Trainingsma\u00dfnahmen?<\/a><br \/>\n<a href=\"http:\/\/wordpress.selbstmotivation.de\/index.php\/dauerhafte-selbstmotivation\/was-bekommen-sie-bei-rs-training\/\">WAS f\u00fcr konkrete Ma\u00dfnahmen gibt es denn?<\/a><\/p>\n","protected":false},"excerpt":{"rendered":"<h2>Prinzipien | Ablauf | Zusammenarbeit<\/h2>\n","protected":false},"author":1,"featured_media":217,"parent":30,"menu_order":4,"comment_status":"closed","ping_status":"closed","template":"","meta":[],"_links":{"self":[{"href":"https:\/\/wordpress.selbstmotivation.de\/index.php\/wp-json\/wp\/v2\/pages\/34"}],"collection":[{"href":"https:\/\/wordpress.selbstmotivation.de\/index.php\/wp-json\/wp\/v2\/pages"}],"about":[{"href":"https:\/\/wordpress.selbstmotivation.de\/index.php\/wp-json\/wp\/v2\/types\/page"}],"author":[{"embeddable":true,"href":"https:\/\/wordpress.selbstmotivation.de\/index.php\/wp-json\/wp\/v2\/users\/1"}],"replies":[{"embeddable":true,"href":"https:\/\/wordpress.selbstmotivation.de\/index.php\/wp-json\/wp\/v2\/comments?post=34"}],"version-history":[{"count":19,"href":"https:\/\/wordpress.selbstmotivation.de\/index.php\/wp-json\/wp\/v2\/pages\/34\/revisions"}],"predecessor-version":[{"id":226,"href":"https:\/\/wordpress.selbstmotivation.de\/index.php\/wp-json\/wp\/v2\/pages\/34\/revisions\/226"}],"up":[{"embeddable":true,"href":"https:\/\/wordpress.selbstmotivation.de\/index.php\/wp-json\/wp\/v2\/pages\/30"}],"wp:featuredmedia":[{"embeddable":true,"href":"https:\/\/wordpress.selbstmotivation.de\/index.php\/wp-json\/wp\/v2\/media\/217"}],"wp:attachment":[{"href":"https:\/\/wordpress.selbstmotivation.de\/index.php\/wp-json\/wp\/v2\/media?parent=34"}],"curies":[{"name":"wp","href":"https:\/\/api.w.org\/{rel}","templated":true}]}}